en 3 is divided by 3*w*1/p?
0
Suppose -4*t + 284 = -11*g + 8*g, 206 = 3*t - 4*g. What is the remainder when t is divided by 8?
2
Suppose 11*c = 3*c. Suppose c = 4*l - 16 - 12. Let j = 12 + -1. What is the remainder when j is divided by l?
4
Calculate the remainder when 354 is divided by -2*246/(-12) + 4.
39
Let s(p) = -p**3 + 7*p**2 - p + 44. What is the remainder when 180 is divided by s(7)?
32
Suppose -4 = -y + 2*g, 57 = 2*y + y + 3*g. Suppose 124 = 4*j + 20. Calculate the remainder when j is divided by y.
12
Suppose r - 217 - 22 = c, 5*c = r - 239. What is the remainder when r is divided by 60?
59
Let k(w) = -w**3 - 12*w**2 - 15*w - 26. Calculate the remainder when ((-214)/(-16))/((-32)/(-256)) is divided by k(-11).
17
Let s(l) = l**2 + 27*l + 78. Calculate the remainder when 34 is divided by s(-3).
4
Let l = -3 + 15. Let q = l - 7. Suppose 130 = q*a - 3*s, s - 28 = -a + 6. Calculate the remainder when a is divided by 15.
14
What is the remainder when (-21)/63 - 436/(-3) is divided by 30?
25
Calculate the remainder when 827 is divided by ((-6)/4)/((-87)/232).
3
Let b(g) = -3 + g**2 - 2 - 19*g + 10 - 6. Calculate the remainder when b(20) is divided by 7.
5
Let p = -2 + -7. Let w be (-2)/5*(p - 1). Suppose -4 = -j - 4*l, 26 + 2 = 3*j + w*l. What is the remainder when 34 is divided by j?
10
Let k(n) = -n**3 + 7*n**2 - 3*n + 1. Suppose -4*z + 10 = 3*a, z + 15 + 11 = 4*a. Calculate the remainder when 53 is divided by k(a).
15
Suppose f + 0*f = 4. Suppose 4*q = 4*y + 68, 0*q + 120 = 5*q + 2*y. Calculate the remainder when q is divided by f.
2
Suppose 3*o + 14*u - 10*u - 683 = 0, 2*o - 458 = -4*u. Calculate the remainder when o is divided by 50.
25
Let h = 93 + -78. What is the remainder when 194 is divided by h?
14
Suppose -u + 662 = -5*q + 8*q, 0 = 4*u + 16. Calculate the remainder when q is divided by 59.
45
Let j = 5 - 3. Suppose 10 = q - z - 5, j*z - 40 = -5*q. What is the remainder when q is divided by 7?
3
Let a = -589 + 711. Calculate the remainder when 342 is divided by a.
98
Suppose -27*w + 2011 = -608. What is the remainder when 123 is divided by w?
26
Let s = 2201 + -2150. What is the remainder when s is divided by 18?
15
Suppose 411 = -7*b + 4*b. Let w = -38 - b. Let j = -38 + 63. What is the remainder when w is divided by j?
24
Let f = 73 + -61. What is the remainder when 30 is divided by f?
6
Let z(s) = -21*s - 147. Calculate the remainder when z(-17) is divided by 54.
48
Let b = 272 - 99. Let c = 8 - -14. Calculate the remainder when b is divided by c.
19
Suppose 0 = 5*y - 3*x - 1166, 155*x = -2*y + 160*x + 455. What is the remainder when y is divided by 60?
55
Let m = 7 + 1. Let l = 30 - m. Calculate the remainder when l is divided by (-25)/10*64/(-20).
6
Let s(r) = -8*r - 36. Let a be s(-6). Suppose -a*u + 2727 = 879. What is the remainder when u is divided by 40?
34
Suppose 84*n = 79*n + 1910. What is the remainder when n is divided by 96?
94
Suppose 3*y + 5*m = 54, 2*m + 6 = -y + 23. Suppose 30 = 8*v - 3*v. Calculate the remainder when y is divided by v.
5
Let c = -14 + 41. Let p be (0 - 0) + -12 + -3. Let d = p + c. What is the remainder when d is divided by 5?
2
Suppose -5*m + 24 = 4. Suppose 190 = 5*o - v - m*v, o + v = 38. What is the remainder when o is divided by 8?
6
Let a(r) = -r**3 - 8*r**2 - 10*r - 12. Let k be a(-7). Suppose 5*b = 79 - k. Calculate the remainder when b is divided by 3.
2
Let d(r) = -2*r**2 + 18*r - 17. Let o = -22 + 29. Calculate the remainder when d(o) is divided by 3.
2
Calculate the remainder when (40/(-15))/(50/(-15))*55 is divided by 36.
8
Suppose d + 5*r = -0 - 21, -5*r = -2*d - 42. Calculate the remainder when ((-276)/d)/((-10)/(-35)) is divided by 7.
4
Suppose 24*p + 246 = 30*p. Calculate the remainder when 161 is divided by p.
38
Suppose 2*u - w = 3*w + 22, -4*u + 44 = w. Suppose 0*n - 23 = -3*n - 2*d, 4*d - 16 = 0. Calculate the remainder when u is divided by n.
1
Suppose 5*w = -2*q + 67, -5*q + 5*w + 113 = 33. Suppose -26*u = -q*u - 50. What is the remainder when 25 is divided by u?
5
Suppose 19*p - 1760 - 45 = 0. Calculate the remainder when 375 is divided by p.
90
Suppose -225 + 21 = -3*h. What is the remainder when h is divided by 38?
30
Suppose -2*q = -5*q + 30. Suppose g + g + 12 = 0. Calculate the remainder when 226/q - g/15 is divided by 6.
5
Let l = -142 - -70. Suppose -v + 0*v = 4*h - 29, -2*h = -2*v + 78. Calculate the remainder when v is divided by 61/3 + l/54.
18
Let u(b) = -b**3 + 4*b**2 - 5. Let i be u(3). Suppose -4*z - z - 25 = 0, i*z = 3*d - 116. Calculate the remainder when d is divided by 4.
0
Let p = -7 - -7. Suppose -4*q = -j - 0 + 8, 2*j + 4*q - 16 = p. Suppose -3*k + 62 = j. What is the remainder when 69 is divided by k?
15
Let o(n) = -3*n**2 + n + 2. Let s be o(2). Suppose 4*d - 3*a = 149, 3*d = -d + 5*a + 155. Calculate the remainder when d is divided by s/6*(-45)/5.
11
Let y(j) = j**2 + 4*j - 5. Let s(k) = -1 - k + 2*k + 0*k - 2*k. Let z(o) = 2*s(o) - y(o). Calculate the remainder when 3 is divided by z(-6).
0
Suppose -2*d - 3 = l, -6*l + l - 15 = 5*d. Suppose d = 13*u - u - 84. What is the remainder when 25 is divided by u?
4
Let v = 453 + -320. What is the remainder when v is divided by 35?
28
Calculate the remainder when 387 is divided by (3303/81 - 6/(-27)) + -2.
36
Let o = 2125 - 1024. What is the remainder when o is divided by 23?
20
Let b(p) = p**3 + 6*p**2 + 2*p - 10. Let l be b(-4). Let a = 45 - l. Calculate the remainder when 91 is divided by a.
29
Suppose 4*d + 157 = 5*v, 46 = v - 5*d + 2. Let q = 0 + 55. Calculate the remainder when q is divided by v.
26
Let q(p) = -p**2 - p + 15. Suppose 3*s + m - 4*m = -12, -3*m = -12. Calculate the remainder when 88 is divided by q(s).
13
Calculate the remainder when (-72)/30*310/(-4) is divided by 39.
30
What is the remainder when 5/15 - 2994/(-9) is divided by 42?
39
Let v(i) = -8*i - 1. Let p(m) = m**3 - 4*m**2 - 5*m - 2. Let g be p(5). Calculate the remainder when 72 is divided by v(g).
12
Suppose 46 = 2*l - 5*q, 3*q + 115 = l + 4*l. What is the remainder when 39*(1742/780 - (-1)/10) is divided by l?
22
Suppose -4*k - 5*d + 304 = -181, -5*k + 3*d + 560 = 0. Calculate the remainder when k is divided by 58.
57
Let w = -307 - -349. Calculate the remainder when 209 is divided by w.
41
Calculate the remainder when 200 is divided by 107*2*(-16)/(-32).
93
Calculate the remainder when 767 is divided by (-40)/(-12)*(-4 + 7).
7
Suppose 0 = -5*w + 15 + 10. Suppose w*p - 42 = 3. Calculate the remainder when (-10)/(-15) - 86/(-6) is divided by p.
6
Let z(j) = -76*j**3 + 4. Let w be z(-3). Suppose q = 5*x - 691, -6*q + 3*q = 2*x + w. What is the remainder when 6/(-36) - q/12 is divided by 29?
28
Let x(h) = -100*h - 1360. What is the remainder when 72 is divided by x(-14)?
32
Let i(j) = j + 16. Let p(m) = -27*m. What is the remainder when p(-1) is divided by i(-6)?
7
Let f(g) = -g**2 + 6*g - 43. Let i(v) = 2*v**2 - 13*v + 85. Let x(r) = 11*f(r) + 6*i(r). What is the remainder when 133 is divided by x(10)?
14
Let n = -104 + 151. What is the remainder when 328 is divided by n?
46
What is the remainder when 222 is divided by 24/44 + (-3264)/(-66)?
22
Let u be ((-8)/(-2))/(-1 - 1 - -4). Suppose -2*w + 0*o + 30 = -u*o, -3*o = 0. Calculate the remainder when 192 is divided by w.
12
Let b = -12 + 17. Suppose -d = -f - 5, 0 = b*d - f - 9. Let v(q) = 37*q**3 + q**2 + q - 1. What is the remainder when v(d) is divided by 20?
18
Suppose -s - 3*s + 20 = 0. Suppose s*i = -5*v + 60, 5*i - 2*v - 10 = 3*v. What is the remainder when 23 is divided by i?
2
Suppose 0 = 6*j - 2*j - 36. Let h be j*18 + 4/2. What is the remainder when h/12 - (-4)/12 is divided by 8?
6
Let i = 33 - 58. Let w = 46 + i. Suppose 5*a = -h + w, -7*h + 2*a = -3*h - 62. Calculate the remainder when 61 is divided by h.
13
Suppose 0 = -84*b + 4385 + 1747. What is the remainder when b is divided by 50?
23
Let o(s) = -11*s**2 - 16*s + 32. Let q(n) = 4*n**2 + 5*n - 11. Let x(v) = 3*o(v) + 8*q(v). What is the remainder when 14 is divided by x(-8)?
6
Let f = 6 - -3. Let z be (19 - f) + -1 + -3. Let o(k) = k**2 + 3*k + 4. Calculate the remainder when o(z) is divided by 15.
13
Suppose 0 = -2*o + 3 + 33. Suppose -2*t + 224 = 28. Suppose t = -5*r + 448. What is the remainder when